{"id":379,"date":"2022-03-16T20:59:41","date_gmt":"2022-03-16T20:59:41","guid":{"rendered":"https:\/\/www.laclandestileria.com\/site\/?page_id=379"},"modified":"2022-09-20T10:35:44","modified_gmt":"2022-09-20T10:35:44","slug":"terminos-y-condiciones","status":"publish","type":"page","link":"https:\/\/www.laclandestileria.com\/site\/terminos-y-condiciones\/","title":{"rendered":"T\u00e9rminos y Condiciones"},"content":{"rendered":"[vc_row type=\u00bbin_container\u00bb full_screen_row_position=\u00bbmiddle\u00bb column_margin=\u00bbdefault\u00bb column_direction=\u00bbdefault\u00bb column_direction_tablet=\u00bbdefault\u00bb column_direction_phone=\u00bbdefault\u00bb scene_position=\u00bbcenter\u00bb text_color=\u00bbdark\u00bb text_align=\u00bbleft\u00bb row_border_radius=\u00bbnone\u00bb row_border_radius_applies=\u00bbbg\u00bb overflow=\u00bbvisible\u00bb overlay_strength=\u00bb0.3&#8243; gradient_direction=\u00bbleft_to_right\u00bb shape_divider_position=\u00bbbottom\u00bb bg_image_animation=\u00bbnone\u00bb][vc_column column_padding=\u00bbno-extra-padding\u00bb column_padding_tablet=\u00bbinherit\u00bb column_padding_phone=\u00bbinherit\u00bb column_padding_position=\u00bball\u00bb column_element_spacing=\u00bbdefault\u00bb background_color_opacity=\u00bb1&#8243; background_hover_color_opacity=\u00bb1&#8243; column_shadow=\u00bbnone\u00bb column_border_radius=\u00bbnone\u00bb column_link_target=\u00bb_self\u00bb column_position=\u00bbdefault\u00bb gradient_direction=\u00bbleft_to_right\u00bb overlay_strength=\u00bb0.3&#8243; width=\u00bb1\/1&#8243; tablet_width_inherit=\u00bbdefault\u00bb tablet_text_alignment=\u00bbdefault\u00bb phone_text_alignment=\u00bbdefault\u00bb animation_type=\u00bbdefault\u00bb bg_image_animation=\u00bbnone\u00bb border_type=\u00bbsimple\u00bb column_border_width=\u00bbnone\u00bb column_border_style=\u00bbsolid\u00bb][vc_column_text]\n<div class=\"fusion-text fusion-text-1\">\n<p><strong>POL\u00cdTICA DE COMPRA<\/strong><\/p>\n<p>Esta web regula las condiciones de compra de las transacciones realizadas en www.laclandestileria.com.<\/p>\n<p><strong>1. DATOS IDENTIFICATIVOS<\/strong><\/p>\n<p>Propietario de la web:\u00a0<strong>LA CLANDESTILERIA THE MEDITERRANEAN CRAFT DISTILLERY S.L.<\/strong><br \/>\nNombre comercial:\u00a0<strong>LA CLANDESTILERIA<\/strong><br \/>\nCIF:\u00a0<strong>B40617730<\/strong><br \/>\nDomicilio: C\/ CARRIL, 11, 46722 Benifl\u00e0 (Valencia) Espa\u00f1a<\/p>\n<p>E-mail: <a href=\"mailto:admin@laclandestileria.com\">admin@laclandestileria.com<\/a><\/p>\n<p>Tel\u00e9fono: 962 111 974<\/p>\n<\/div>\n<div class=\"fusion-text fusion-text-2\">\n<p><strong>2. \u00bfC\u00d3MO COMPRAR?<\/strong><\/p>\n<p>Accede a nuestra<strong>\u00a0tienda on-line<\/strong>, a\u00f1ade al carrito los productos que desees comprar. Ver\u00e1s el bot\u00f3n de \u2018Finalizar compra\u2019. Rellena los siguientes campos para poder realizar la compra.<\/p>\n<p><strong>3. FORMAS DE PAGO<\/strong><\/p>\n<p>Tarjeta de cr\u00e9dito: A trav\u00e9s de una pasarela de pago segura (Paycomet) podr\u00e1s realizar tu pago con tarjeta, de forma inmediata y con todas las garant\u00edas de seguridad.<\/p>\n<p>Paypal<\/p>\n<p><strong>4.GARANT\u00cdAS Y DEVOLUCIONES<\/strong><\/p>\n<p>En el caso de llegar el producto defectuoso, LA EMPRESA, ser\u00e1 la responsable de sustituirla. EL CLIENTE deber\u00e1 contactar directamente con LA EMPRESA a trav\u00e9s de admin@laclandestileria.com adjuntando fotos del producto defectuoso al recibirlo.<\/p>\n<p>No se pueden devolver los productos que hayan sido <strong>abiertos<\/strong> y\/o los que vengan <strong>precintados<\/strong> y hayan sido desprecintados, por razones de salud e higiene.<\/p>\n<p><strong>5. GASTOS DE ENV\u00cdO<\/strong><\/p>\n<p>Las tarifas de env\u00edo aparacer\u00e1n durante el proceso de compra.<\/p>\n<p><strong>6. PLAZOS DE ENTREGA<\/strong><\/p>\n<p>En el momento de la confirmaci\u00f3n del pago, su pedido pasar\u00e1 a ser procesado y remitido en un plazo aproximado de 24-48 horas laborables.<\/p>\n<p><strong>7. PRECIOS Y DISPONIBILIDAD<\/strong><\/p>\n<p>Todos los precios de nuestra tienda incluyen IVA.<\/p>\n<p>Si se agotasen las existencias de un producto solicitado, nos pondremos en contacto con el cliente para acordar los nuevos t\u00e9rminos de env\u00edo. En este momento el cliente puede decidir si sigue o anula el pedido.<\/p>\n<\/div>\n<p><strong>8. DERECHO DE DESESTIMIENTO<\/strong><\/p>\n<p>El usuario podr\u00e1 revocar la compra o desistir del contrato en el plazo de 14 d\u00edas naturales sin necesidad de justificaci\u00f3n. El plazo de desistimiento expirar\u00e1 a los 14 d\u00edas naturales desde que usted o un tercero por usted indicado, distinto del transportista, adquiri\u00f3 la posesi\u00f3n material de los bienes.<\/p>\n<p>No se podr\u00e1 ejercer el derecho de desestimiento respecto de aquellos productos que hayan sido <strong>abiertos<\/strong> y\/o los que vengan <strong>precintados<\/strong> y hayan sido desprecintados, por razones de salud e higiene.<\/p>\n<p>Para ejercer el derecho de desistimiento, deber\u00e1 usted notificarnos su decisi\u00f3n de desistir del contrato a trav\u00e9s de una declaraci\u00f3n inequ\u00edvoca (por ejemplo a trav\u00e9s de correo electr\u00f3nico). Tambi\u00e9n tiene usted la opci\u00f3n de cumplimentar y enviar el modelo de formulario de desistimiento o cualquier otra declaraci\u00f3n inequ\u00edvoca a trav\u00e9s de este <a href=\"https:\/\/www.laclandestileria.com\/site\/wp-content\/uploads\/2022\/03\/FORMULARIO-DE-DESISTIMIENTO.pdf\">formulario<\/a>. Si recurre a esa opci\u00f3n, le comunicaremos sin demora, en un soporte duradero, la recepci\u00f3n de dicho desistimiento.<\/p>\n<p>Si la causa de la devoluci\u00f3n fuese que el art\u00edculo devuelto es defectuoso o no corresponde a lo solicitado en el pedido, laclandestileria.com correr\u00e1 con los gastos de la devoluci\u00f3n y nuevo env\u00edo.<\/p>\n<p>Si el motivo de la devoluci\u00f3n es que el pedido no le satisface:<\/p>\n<ul>\n<li>Le reembolsaremos el importe, incluidos los gastos de entrega (excepto los gastos de entrega si usted ha elegido una opci\u00f3n diferente a la entrega ordinaria, en este caso s\u00f3lo se devolver\u00e1n los gastos asignados por la p\u00e1gina web para la entrega ordinaria).<\/li>\n<li>La devoluci\u00f3n se realizar\u00e1, a m\u00e1s tardar, en 14 d\u00edas naturales a partir de la fecha en la que se nos informe de su decisi\u00f3n de desistir del presente contrato.<\/li>\n<li>Usted deber\u00e1 asumir el coste directo de devoluci\u00f3n de los bienes.<\/li>\n<li>El reembolso se realizar\u00e1 utilizando el mismo medio de pago que se us\u00f3 en la transacci\u00f3n inicial.<\/li>\n<li>La empresa se reserva el derecho a retener el reembolso hasta haber recibido los bienes.<\/li>\n<\/ul>\n[\/vc_column_text][\/vc_column][\/vc_row]\n","protected":false},"excerpt":{"rendered":"<p>[vc_row type=\u00bbin_container\u00bb full_screen_row_position=\u00bbmiddle\u00bb column_margin=\u00bbdefault\u00bb column_direction=\u00bbdefault\u00bb column_direction_tablet=\u00bbdefault\u00bb column_direction_phone=\u00bbdefault\u00bb scene_position=\u00bbcenter\u00bb text_color=\u00bbdark\u00bb text_align=\u00bbleft\u00bb row_border_radius=\u00bbnone\u00bb row_border_radius_applies=\u00bbbg\u00bb overflow=\u00bbvisible\u00bb overlay_strength=\u00bb0.3&#8243; gradient_direction=\u00bbleft_to_right\u00bb shape_divider_position=\u00bbbottom\u00bb bg_image_animation=\u00bbnone\u00bb][vc_column column_padding=\u00bbno-extra-padding\u00bb column_padding_tablet=\u00bbinherit\u00bb column_padding_phone=\u00bbinherit\u00bb column_padding_position=\u00bball\u00bb column_element_spacing=\u00bbdefault\u00bb background_color_opacity=\u00bb1&#8243; background_hover_color_opacity=\u00bb1&#8243; column_shadow=\u00bbnone\u00bb column_border_radius=\u00bbnone\u00bb column_link_target=\u00bb_self\u00bb column_position=\u00bbdefault\u00bb gradient_direction=\u00bbleft_to_right\u00bb overlay_strength=\u00bb0.3&#8243;&#8230;<\/p>\n","protected":false},"author":2,"featured_media":0,"parent":0,"menu_order":0,"comment_status":"closed","ping_status":"closed","template":"","meta":{"footnotes":""},"class_list":["post-379","page","type-page","status-publish"],"aioseo_notices":[],"_links":{"self":[{"href":"https:\/\/www.laclandestileria.com\/site\/wp-json\/wp\/v2\/pages\/379","targetHints":{"allow":["GET"]}}],"collection":[{"href":"https:\/\/www.laclandestileria.com\/site\/wp-json\/wp\/v2\/pages"}],"about":[{"href":"https:\/\/www.laclandestileria.com\/site\/wp-json\/wp\/v2\/types\/page"}],"author":[{"embeddable":true,"href":"https:\/\/www.laclandestileria.com\/site\/wp-json\/wp\/v2\/users\/2"}],"replies":[{"embeddable":true,"href":"https:\/\/www.laclandestileria.com\/site\/wp-json\/wp\/v2\/comments?post=379"}],"version-history":[{"count":10,"href":"https:\/\/www.laclandestileria.com\/site\/wp-json\/wp\/v2\/pages\/379\/revisions"}],"predecessor-version":[{"id":900,"href":"https:\/\/www.laclandestileria.com\/site\/wp-json\/wp\/v2\/pages\/379\/revisions\/900"}],"wp:attachment":[{"href":"https:\/\/www.laclandestileria.com\/site\/wp-json\/wp\/v2\/media?parent=379"}],"curies":[{"name":"wp","href":"https:\/\/api.w.org\/{rel}","templated":true}]}}